{"id":3117,"date":"2023-06-05T17:21:31","date_gmt":"2023-06-05T15:21:31","guid":{"rendered":"http:\/\/colllearning.info\/CISHE\/?page_id=3117"},"modified":"2023-07-11T09:59:36","modified_gmt":"2023-07-11T07:59:36","slug":"nouvelle-gouvernance-mondiale","status":"publish","type":"page","link":"http:\/\/colllearning.info\/CISHE\/nouvelle-gouvernance-mondiale\/","title":{"rendered":"Nouvelle gouvernance mondiale"},"content":{"rendered":"\n<p>Intervenant : <a href=\"http:\/\/colllearning.info\/CISHE\/espace-membre\/nouvelles-des-adherents\/harakat-mohamed\/\" data-type=\"page\" data-id=\"3101\">Mohamed Harakat,<\/a>&nbsp;directeur de la structure doctorale \u00ab Gouvernance de l\u2019Afrique et du Moyen-Orient \u00bbaffili\u00e9e \u00e0 l\u2019Universit\u00e9 Mohammed V de Rabat. Membre du Comit\u00e9 consultatif international du CAFRAD &#8211; Union africaine<\/p>\n\n\n\n<p><em>Synopsis<\/em>&nbsp;: L\u2019\u00e9tude des paradigmes de l\u2019\u00e9conomie politique de la nouvelle gouvernance mondiale des \u00ab Biens Communs plan\u00e9taires \u00bb dans un monde de multi-crises marqu\u00e9 par les s\u00e9quelles de la pand\u00e9mie Covid 19 et les implications de la guerre en Ukraine (entre autres) est probl\u00e9matique et complexe, compte tenu de la multi-dimensionnalit\u00e9 de son \u00e9ventuelle institution.L\u2019objectif de la rencontre est de mener une r\u00e9flexion \u00e0 tendance universelle et pluridisciplinaire portant sur les vertus et int\u00e9r\u00eats d\u2019une telle gouvernance. Mettre en relief les r\u00e9percussions macro et micro \u00e9conomique de la crise et ses impacts notamment sur les couches sociales les plus fragiles dans tous les pays du monde conduit \u00e0 r\u00e9fl\u00e9chir sur les conditions de l\u2019\u00e9mergence d\u2019une nouvelle \u00e9conomie politique de la gouvernance mondiale des biens communs (responsabilit\u00e9 soci\u00e9tale des acteurs) dans le processus d\u2019\u00e9dification d\u2019un nouvel ordre mondial strat\u00e9gique plus solidaire et humain.<\/p>\n\n\n\n<p><em>Principes<\/em>&nbsp;: 40 min d\u2019expos\u00e9 puis 80 min de d\u00e9bats serr\u00e9s, en visioconf\u00e9rence sur ZOOM (vous recevrez les codes de connexion le jour m\u00eame).<\/p>\n\n\n\n<p>Voir la missive de juin 2023 : <a rel=\"noreferrer noopener\" href=\"http:\/\/colllearning.info\/CISHE\/wp-content\/uploads\/2023\/06\/Missive-juin-2023.pdf\" target=\"_blank\">mondialit\u00e9<\/a><\/p>\n\n\n\n<p><strong>Commentaire de Pierre Caro<\/strong><\/p>\n\n\n\n<p>Bonjour \u00e0 toutes et tous<\/p>\n\n\n\n<p>Merci, Professeur Mohamed Harakat, merci, mes amis du CIS H, je suis heureux de voir l\u2019ouverture de la \u00ab&nbsp;Chaire citoyenne&nbsp;\u00bb, une proposition que j\u2019avais faite aupr\u00e8s de Pierre Landry,<\/p>\n\n\n\n<p>J\u2019ai cr\u00e9\u00e9 \u00ab&nbsp;Chaire citoyenne&nbsp;\u00bb dans le d\u00e9veloppement des Ateliers d\u2019ExpressionS que je menais depuis plus de trente ann\u00e9es, comme une n\u00e9cessit\u00e9, afin d\u2019ouvrir le partage des \u00e9changes de savoirs, d\u2019exp\u00e9riences, de projets, \u00e0 tous.<\/p>\n\n\n\n<p>Merci Professeur pour ces \u00e9changes sur&nbsp;<em>L\u2019\u00e9tude des paradigmes de l\u2019\u00e9conomie politique de la nouvelle gouvernance mondiale des \u00ab Biens Communs plan\u00e9taires \u00bb dans un monde de multi-crises marqu\u00e9 par les s\u00e9quelles de la pand\u00e9mie Covid 19 et les implications de la guerre en Ukraine (entre autres) est probl\u00e9matique et complexe, compte tenu de la multi-dimensionnalit\u00e9 de son \u00e9ventuelle institution&nbsp;\u00bb<\/em><\/p>\n\n\n\n<p>J\u2019avais envie de vous dire que les crises, brutales, sournoises, courtes ou longues\u2026 sont nos vies, elles mobilisent nos \u00e9volutions. Elles sont possibles et influenceront ma vie.<\/p>\n\n\n\n<p>\u00ab&nbsp;L\u2019\u00e9conomie politique&nbsp;d\u2019une nouvelle gouvernance mondiale,&nbsp;les biens communs&nbsp;\u00bb sont presque des gros mots tant j\u2019ai appris dans mes ateliers, combien leur sens, leurs effets n\u2019est pas enti\u00e8rement compris de la m\u00eame fa\u00e7on par l\u2019ensemble des citoyens\u2026 c\u2019est mon cas.&nbsp;Je participe \u00e0 un groupe de r\u00e9flexions et actions, men\u00e9 par mon ami Pierre Calame, sur \u00ab&nbsp;Osons les territoires&nbsp;\u00bb&nbsp;<a href=\"http:\/\/www.osonslesterritoires.fr\/\" target=\"_blank\" rel=\"noreferrer noopener\">www.osonslesterritoires.fr<\/a>&nbsp;Je&nbsp;sais mes difficult\u00e9s.<\/p>\n\n\n\n<p>Aussi j\u2019ai voulu vous dire que politiques et gouvernance ne peuvent \u00eatre comprises sans prendre en compte, peut-\u00eatre m\u00eame en priorit\u00e9, les \u00e9volutions de la d\u00e9mographie mondiale.<\/p>\n\n\n\n<p>Je ne reviens pas sur les chiffres que j\u2019ai plusieurs fois \u00e9crits dans mes mots au Coll\u00e8ge, mais seulement le fait d\u2019anticiper que la moiti\u00e9 de la population mondiale pourrait \u00eatre africaine avant la fin du si\u00e8cle, nous ne serons pas \u00e0 1 ou 2 milliards pr\u00e8s, ce fait devrait nous engager \u00e0 anticiper nos politiques, quelles soient de nature \u00e9conomique, de gouvernance, pour les ressources, les occupations de territoires, les pollutions, le climat\u2026 et leurs cons\u00e9quences probables, l\u2019augmentation des mouvements migratoires\u2026<\/p>\n\n\n\n<p>Je pense avoir compris depuis 26 ann\u00e9es de travail sur les cons\u00e9quences d\u2019un long temps de vieillissement, que l\u2019un de nos apprentissages le plus essentiel est sans doute celui d\u2019apprendre \u00e0 anticiper\u2026 penser le mieux possible les conduites pour les quelques mois, ann\u00e9es prochaines.<\/p>\n\n\n\n<p>Je lisais Jeune Afrique ce matin\u2026 <em>Les seniors, les Vieux et l\u2019Afrique.&nbsp;D\u2019ici \u00e0 2050, l\u2019Afrique comptera pr\u00e8s de 200&nbsp;millions de personnes \u00e2g\u00e9es de plus de 60&nbsp;ans. Pas d\u2019inqui\u00e9tude : le continent sait s\u2019occuper de ses personnes \u00e2g\u00e9es, et l\u2019Occident devrait s\u2019en inspirer, selon le professeur Edmond Bertrand.&nbsp;18 juin 2023 \u00e0 16:05<\/em><\/p>\n\n\n\n<p>Est-ce vraiment vrai comme disent mes arri\u00e8re-petits-enfants&nbsp;? Les jeunes africains, inform\u00e9s de tous, m\u00eame de fausses nouvelles, cela a \u00e9t\u00e9 dit dans nos \u00e9changes, vont-ils demeurer pour accompagner leurs parents dans un long temps de vieillissement&nbsp;? Nous n\u2019avons pas d\u2019histoire d\u2019une soci\u00e9t\u00e9 o\u00f9 pr\u00e8s du tiers de la population serait \u00e2g\u00e9, m\u00eame tr\u00e8s \u00e2g\u00e9. Comment nous y pr\u00e9parer pour le mieux d\u2019une soci\u00e9t\u00e9 de paix, de bonheur de vivre, de bien vieillir longtemps en bonne sant\u00e9, autonome et responsable&nbsp;!<\/p>\n\n\n\n<p>Je vous remercie encore pour ce que vous venez de m\u2019apprendre, professeur, et vous toutes et tous.<\/p>\n\n\n\n<p>Je demeure \u00e0 votre disposition pour partager des \u00e9changes au sein de notre Coll\u00e8ge.<br><\/p>\n","protected":false},"excerpt":{"rendered":"<p>Intervenant : Mohamed Harakat,&nbsp;directeur de la structure doctorale \u00ab Gouvernance de l\u2019Afrique et du Moyen-Orient \u00bbaffili\u00e9e \u00e0 l\u2019Universit\u00e9 Mohammed V [&hellip;]<\/p>\n","protected":false},"author":1,"featured_media":0,"parent":0,"menu_order":0,"comment_status":"closed","ping_status":"closed","template":"","meta":{"site-sidebar-layout":"default","site-content-layout":"","ast-site-content-layout":"default","site-content-style":"default","site-sidebar-style":"default","ast-global-header-display":"","ast-banner-title-visibility":"","ast-main-header-display":"","ast-hfb-above-header-display":"","ast-hfb-below-header-display":"","ast-hfb-mobile-header-display":"","site-post-title":"","ast-breadcrumbs-content":"","ast-featured-img":"","footer-sml-layout":"","ast-disable-related-posts":"","theme-transparent-header-meta":"","adv-header-id-meta":"","stick-header-meta":"","header-above-stick-meta":"","header-main-stick-meta":"","header-below-stick-meta":"","astra-migrate-meta-layouts":"default","ast-page-background-enabled":"default","ast-page-background-meta":{"desktop":{"background-color":"var(--ast-global-color-5)","background-image":"","background-repeat":"repeat","background-position":"center center","background-size":"auto","background-attachment":"scroll","background-type":"","background-media":"","overlay-type":"","overlay-color":"","overlay-opacity":"","overlay-gradient":""},"tablet":{"background-color":"","background-image":"","background-repeat":"repeat","background-position":"center center","background-size":"auto","background-attachment":"scroll","background-type":"","background-media":"","overlay-type":"","overlay-color":"","overlay-opacity":"","overlay-gradient":""},"mobile":{"background-color":"","background-image":"","background-repeat":"repeat","background-position":"center center","background-size":"auto","background-attachment":"scroll","background-type":"","background-media":"","overlay-type":"","overlay-color":"","overlay-opacity":"","overlay-gradient":""}},"ast-content-background-meta":{"desktop":{"background-color":"var(--ast-global-color-4)","background-image":"","background-repeat":"repeat","background-position":"center center","background-size":"auto","background-attachment":"scroll","background-type":"","background-media":"","overlay-type":"","overlay-color":"","overlay-opacity":"","overlay-gradient":""},"tablet":{"background-color":"var(--ast-global-color-4)","background-image":"","background-repeat":"repeat","background-position":"center center","background-size":"auto","background-attachment":"scroll","background-type":"","background-media":"","overlay-type":"","overlay-color":"","overlay-opacity":"","overlay-gradient":""},"mobile":{"background-color":"var(--ast-global-color-4)","background-image":"","background-repeat":"repeat","background-position":"center center","background-size":"auto","background-attachment":"scroll","background-type":"","background-media":"","overlay-type":"","overlay-color":"","overlay-opacity":"","overlay-gradient":""}},"h5ap_radio_sources":[],"footnotes":""},"class_list":["post-3117","page","type-page","status-publish","hentry"],"_links":{"self":[{"href":"http:\/\/colllearning.info\/CISHE\/wp-json\/wp\/v2\/pages\/3117","targetHints":{"allow":["GET"]}}],"collection":[{"href":"http:\/\/colllearning.info\/CISHE\/wp-json\/wp\/v2\/pages"}],"about":[{"href":"http:\/\/colllearning.info\/CISHE\/wp-json\/wp\/v2\/types\/page"}],"author":[{"embeddable":true,"href":"http:\/\/colllearning.info\/CISHE\/wp-json\/wp\/v2\/users\/1"}],"replies":[{"embeddable":true,"href":"http:\/\/colllearning.info\/CISHE\/wp-json\/wp\/v2\/comments?post=3117"}],"version-history":[{"count":4,"href":"http:\/\/colllearning.info\/CISHE\/wp-json\/wp\/v2\/pages\/3117\/revisions"}],"predecessor-version":[{"id":3154,"href":"http:\/\/colllearning.info\/CISHE\/wp-json\/wp\/v2\/pages\/3117\/revisions\/3154"}],"wp:attachment":[{"href":"http:\/\/colllearning.info\/CISHE\/wp-json\/wp\/v2\/media?parent=3117"}],"curies":[{"name":"wp","href":"https:\/\/api.w.org\/{rel}","templated":true}]}}