{"id":2985,"date":"2023-03-12T11:07:11","date_gmt":"2023-03-12T10:07:11","guid":{"rendered":"http:\/\/colllearning.info\/CISHE\/?page_id=2985"},"modified":"2024-03-12T18:08:19","modified_gmt":"2024-03-12T17:08:19","slug":"sante-globale","status":"publish","type":"page","link":"http:\/\/colllearning.info\/CISHE\/production\/ateliers\/sante-globale\/","title":{"rendered":"Sant\u00e9 globale"},"content":{"rendered":"\n<p><a href=\"mailto:sante-globale@framalistes.org\">sante-globale@framalistes.org<\/a><\/p>\n\n\n\n<h2 class=\"wp-block-heading\">Atelier 5<\/h2>\n\n\n\n<p>Repr\u00e9sentation de la sant\u00e9 \u00e0 travers les \u00e2ges et les cultures (Clara Wajs, Claude Plocieniak, Brigitte Tison, Barth\u00e9lemy Tanoh, Herv\u00e9 Cochet,&nbsp;Pierre Landry, Pierre Caro).<\/p>\n\n\n\n<h2 class=\"wp-block-heading\">Documents<\/h2>\n\n\n\n<div class=\"wp-block-file\"><a id=\"wp-block-file--media-c4a57daf-a5db-4063-9fd0-c9f0c614e54f\" href=\"https:\/\/colllearning.info\/CISHE\/wp-content\/uploads\/2024\/03\/Pistes-LA-SANTE.pdf\"><strong>Pistes LA SANTE &#8211; Clara Wajs<\/strong><\/a><a href=\"https:\/\/colllearning.info\/CISHE\/wp-content\/uploads\/2024\/03\/Pistes-LA-SANTE.pdf\" class=\"wp-block-file__button wp-element-button\" download aria-describedby=\"wp-block-file--media-c4a57daf-a5db-4063-9fd0-c9f0c614e54f\"><\/a><\/div>\n","protected":false},"excerpt":{"rendered":"<p>sante-globale@framalistes.org Atelier 5 Repr\u00e9sentation de la sant\u00e9 \u00e0 travers les \u00e2ges et les cultures (Clara Wajs, Claude Plocieniak, Brigitte Tison, [&hellip;]<\/p>\n","protected":false},"author":1,"featured_media":0,"parent":2532,"menu_order":0,"comment_status":"closed","ping_status":"closed","template":"","meta":{"site-sidebar-layout":"default","site-content-layout":"","ast-site-content-layout":"default","site-content-style":"default","site-sidebar-style":"default","ast-global-header-display":"","ast-banner-title-visibility":"","ast-main-header-display":"","ast-hfb-above-header-display":"","ast-hfb-below-header-display":"","ast-hfb-mobile-header-display":"","site-post-title":"","ast-breadcrumbs-content":"","ast-featured-img":"","footer-sml-layout":"","ast-disable-related-posts":"","theme-transparent-header-meta":"","adv-header-id-meta":"","stick-header-meta":"","header-above-stick-meta":"","header-main-stick-meta":"","header-below-stick-meta":"","astra-migrate-meta-layouts":"default","ast-page-background-enabled":"default","ast-page-background-meta":{"desktop":{"background-color":"var(--ast-global-color-5)","background-image":"","background-repeat":"repeat","background-position":"center center","background-size":"auto","background-attachment":"scroll","background-type":"","background-media":"","overlay-type":"","overlay-color":"","overlay-opacity":"","overlay-gradient":""},"tablet":{"background-color":"","background-image":"","background-repeat":"repeat","background-position":"center center","background-size":"auto","background-attachment":"scroll","background-type":"","background-media":"","overlay-type":"","overlay-color":"","overlay-opacity":"","overlay-gradient":""},"mobile":{"background-color":"","background-image":"","background-repeat":"repeat","background-position":"center center","background-size":"auto","background-attachment":"scroll","background-type":"","background-media":"","overlay-type":"","overlay-color":"","overlay-opacity":"","overlay-gradient":""}},"ast-content-background-meta":{"desktop":{"background-color":"var(--ast-global-color-4)","background-image":"","background-repeat":"repeat","background-position":"center center","background-size":"auto","background-attachment":"scroll","background-type":"","background-media":"","overlay-type":"","overlay-color":"","overlay-opacity":"","overlay-gradient":""},"tablet":{"background-color":"var(--ast-global-color-4)","background-image":"","background-repeat":"repeat","background-position":"center center","background-size":"auto","background-attachment":"scroll","background-type":"","background-media":"","overlay-type":"","overlay-color":"","overlay-opacity":"","overlay-gradient":""},"mobile":{"background-color":"var(--ast-global-color-4)","background-image":"","background-repeat":"repeat","background-position":"center center","background-size":"auto","background-attachment":"scroll","background-type":"","background-media":"","overlay-type":"","overlay-color":"","overlay-opacity":"","overlay-gradient":""}},"h5ap_radio_sources":[],"footnotes":""},"class_list":["post-2985","page","type-page","status-publish","hentry"],"_links":{"self":[{"href":"http:\/\/colllearning.info\/CISHE\/wp-json\/wp\/v2\/pages\/2985","targetHints":{"allow":["GET"]}}],"collection":[{"href":"http:\/\/colllearning.info\/CISHE\/wp-json\/wp\/v2\/pages"}],"about":[{"href":"http:\/\/colllearning.info\/CISHE\/wp-json\/wp\/v2\/types\/page"}],"author":[{"embeddable":true,"href":"http:\/\/colllearning.info\/CISHE\/wp-json\/wp\/v2\/users\/1"}],"replies":[{"embeddable":true,"href":"http:\/\/colllearning.info\/CISHE\/wp-json\/wp\/v2\/comments?post=2985"}],"version-history":[{"count":6,"href":"http:\/\/colllearning.info\/CISHE\/wp-json\/wp\/v2\/pages\/2985\/revisions"}],"predecessor-version":[{"id":3491,"href":"http:\/\/colllearning.info\/CISHE\/wp-json\/wp\/v2\/pages\/2985\/revisions\/3491"}],"up":[{"embeddable":true,"href":"http:\/\/colllearning.info\/CISHE\/wp-json\/wp\/v2\/pages\/2532"}],"wp:attachment":[{"href":"http:\/\/colllearning.info\/CISHE\/wp-json\/wp\/v2\/media?parent=2985"}],"curies":[{"name":"wp","href":"https:\/\/api.w.org\/{rel}","templated":true}]}}