{"id":2983,"date":"2023-03-12T11:04:41","date_gmt":"2023-03-12T10:04:41","guid":{"rendered":"http:\/\/colllearning.info\/CISHE\/?page_id=2983"},"modified":"2023-08-22T11:50:08","modified_gmt":"2023-08-22T09:50:08","slug":"pacte-intergenerationnel","status":"publish","type":"page","link":"http:\/\/colllearning.info\/CISHE\/production\/ateliers\/pacte-intergenerationnel\/","title":{"rendered":"Pacte interg\u00e9n\u00e9rationnel\u00a0"},"content":{"rendered":"\n<p><a href=\"mailto:pacte_intergenerationnel@framalistes.org\">pacte_intergenerationnel@framalistes.org<\/a><\/p>\n\n\n\n<ul class=\"wp-block-list\">\n<li>Pierre Bertaut<\/li>\n\n\n\n<li>Herv\u00e9 Cochet<\/li>\n\n\n\n<li>Anne-Marie Guillemard<\/li>\n\n\n\n<li>Pierre Landry<\/li>\n\n\n\n<li>Malachie Ngoulouby<\/li>\n\n\n\n<li>Barth\u00e9l\u00e9my Tanoh<\/li>\n\n\n\n<li>Joachim Olinga<\/li>\n<\/ul>\n\n\n\n<h2 class=\"wp-block-heading\">Atelier 4<\/h2>\n\n\n\n<p>Le pacte interg\u00e9n\u00e9rationnel\u00a0dans le prolongement du<a href=\"http:\/\/colllearning.info\/CISHE\/no2-des-cahiers-du-cis-h\/\" data-type=\"post\" data-id=\"2164\"> Cahier No 2<\/a>, en\u00a0comparaison\u00a0\u00a0avec\u00a0d&rsquo;autres pays\u00a0pour nourrir le d\u00e9bat autour de la r\u00e9forme des retraites en vue d&rsquo;une plus grande \u00e9quit\u00e9 interg\u00e9n\u00e9rationnelle. <\/p>\n\n\n\n<h3 class=\"wp-block-heading\">Documents<\/h3>\n\n\n\n<div data-wp-interactive=\"core\/file\" class=\"wp-block-file\"><object data-wp-bind--hidden=\"!state.hasPdfPreview\" hidden class=\"wp-block-file__embed\" data=\"http:\/\/colllearning.info\/CISHE\/wp-content\/uploads\/2023\/07\/Le-parcours-des-ages.pdf\" type=\"application\/pdf\" style=\"width:100%;height:600px\" aria-label=\"Contenu embarqu\u00e9 Le-parcours-des-ages.\"><\/object><a id=\"wp-block-file--media-a4d31431-9511-4b4e-8d6a-48d4235c7b06\" href=\"http:\/\/colllearning.info\/CISHE\/wp-content\/uploads\/2023\/07\/Le-parcours-des-ages.pdf\">Le-parcours-des-ages<\/a><\/div>\n\n\n\n<ul class=\"wp-block-list\">\n<li><a href=\"http:\/\/colllearning.info\/CISHE\/contrat-intergenerationnel\/\">GUILLEMARD Anne-Marie, Contrat interg\u00e9n\u00e9rationnel<\/a><\/li>\n\n\n\n<li><a href=\"http:\/\/colllearning.info\/CISHE\/la-solidarite-des-generations-cest-la-vie\/\">BERTAUT, DAR, La solidarit\u00e9 des g\u00e9n\u00e9rations, c\u2019est la vie : 4 propositions<\/a><\/li>\n\n\n\n<li><a href=\"http:\/\/colllearning.info\/CISHE\/lextreme-variabilite-des-vieillesses-a-travers-les-cultures-humaines\/\">WAJS Clara, L\u2019extr\u00eame variabilit\u00e9 des vieillesses \u00e0 travers les cultures humaines<\/a><\/li>\n<\/ul>\n","protected":false},"excerpt":{"rendered":"<p>pacte_intergenerationnel@framalistes.org Atelier 4 Le pacte interg\u00e9n\u00e9rationnel\u00a0dans le prolongement du Cahier No 2, en\u00a0comparaison\u00a0\u00a0avec\u00a0d&rsquo;autres pays\u00a0pour nourrir le d\u00e9bat autour de la [&hellip;]<\/p>\n","protected":false},"author":1,"featured_media":0,"parent":2532,"menu_order":0,"comment_status":"closed","ping_status":"closed","template":"","meta":{"site-sidebar-layout":"default","site-content-layout":"","ast-site-content-layout":"default","site-content-style":"default","site-sidebar-style":"default","ast-global-header-display":"","ast-banner-title-visibility":"","ast-main-header-display":"","ast-hfb-above-header-display":"","ast-hfb-below-header-display":"","ast-hfb-mobile-header-display":"","site-post-title":"","ast-breadcrumbs-content":"","ast-featured-img":"","footer-sml-layout":"","ast-disable-related-posts":"","theme-transparent-header-meta":"","adv-header-id-meta":"","stick-header-meta":"","header-above-stick-meta":"","header-main-stick-meta":"","header-below-stick-meta":"","astra-migrate-meta-layouts":"default","ast-page-background-enabled":"default","ast-page-background-meta":{"desktop":{"background-color":"var(--ast-global-color-5)","background-image":"","background-repeat":"repeat","background-position":"center center","background-size":"auto","background-attachment":"scroll","background-type":"","background-media":"","overlay-type":"","overlay-color":"","overlay-opacity":"","overlay-gradient":""},"tablet":{"background-color":"","background-image":"","background-repeat":"repeat","background-position":"center center","background-size":"auto","background-attachment":"scroll","background-type":"","background-media":"","overlay-type":"","overlay-color":"","overlay-opacity":"","overlay-gradient":""},"mobile":{"background-color":"","background-image":"","background-repeat":"repeat","background-position":"center center","background-size":"auto","background-attachment":"scroll","background-type":"","background-media":"","overlay-type":"","overlay-color":"","overlay-opacity":"","overlay-gradient":""}},"ast-content-background-meta":{"desktop":{"background-color":"var(--ast-global-color-4)","background-image":"","background-repeat":"repeat","background-position":"center center","background-size":"auto","background-attachment":"scroll","background-type":"","background-media":"","overlay-type":"","overlay-color":"","overlay-opacity":"","overlay-gradient":""},"tablet":{"background-color":"var(--ast-global-color-4)","background-image":"","background-repeat":"repeat","background-position":"center center","background-size":"auto","background-attachment":"scroll","background-type":"","background-media":"","overlay-type":"","overlay-color":"","overlay-opacity":"","overlay-gradient":""},"mobile":{"background-color":"var(--ast-global-color-4)","background-image":"","background-repeat":"repeat","background-position":"center center","background-size":"auto","background-attachment":"scroll","background-type":"","background-media":"","overlay-type":"","overlay-color":"","overlay-opacity":"","overlay-gradient":""}},"h5ap_radio_sources":[],"footnotes":""},"class_list":["post-2983","page","type-page","status-publish","hentry"],"_links":{"self":[{"href":"http:\/\/colllearning.info\/CISHE\/wp-json\/wp\/v2\/pages\/2983","targetHints":{"allow":["GET"]}}],"collection":[{"href":"http:\/\/colllearning.info\/CISHE\/wp-json\/wp\/v2\/pages"}],"about":[{"href":"http:\/\/colllearning.info\/CISHE\/wp-json\/wp\/v2\/types\/page"}],"author":[{"embeddable":true,"href":"http:\/\/colllearning.info\/CISHE\/wp-json\/wp\/v2\/users\/1"}],"replies":[{"embeddable":true,"href":"http:\/\/colllearning.info\/CISHE\/wp-json\/wp\/v2\/comments?post=2983"}],"version-history":[{"count":7,"href":"http:\/\/colllearning.info\/CISHE\/wp-json\/wp\/v2\/pages\/2983\/revisions"}],"predecessor-version":[{"id":3187,"href":"http:\/\/colllearning.info\/CISHE\/wp-json\/wp\/v2\/pages\/2983\/revisions\/3187"}],"up":[{"embeddable":true,"href":"http:\/\/colllearning.info\/CISHE\/wp-json\/wp\/v2\/pages\/2532"}],"wp:attachment":[{"href":"http:\/\/colllearning.info\/CISHE\/wp-json\/wp\/v2\/media?parent=2983"}],"curies":[{"name":"wp","href":"https:\/\/api.w.org\/{rel}","templated":true}]}}