{"id":2936,"date":"2023-03-06T09:44:37","date_gmt":"2023-03-06T08:44:37","guid":{"rendered":"http:\/\/colllearning.info\/CISHE\/?page_id=2936"},"modified":"2025-09-05T08:54:13","modified_gmt":"2025-09-05T06:54:13","slug":"publications","status":"publish","type":"page","link":"http:\/\/colllearning.info\/CISHE\/publications\/","title":{"rendered":"Publications r\u00e9centes"},"content":{"rendered":"\n<ul class=\"wp-block-list\">\n<li>SCHURMANS, Daniel, , <a href=\"https:\/\/www.editions-harmattan.fr\/catalogue\/livre\/la-folie-sens-et-souffrance\/79822\"><em>La folie, sens et souffrance<\/em><\/a>, L&rsquo;Harmattan, 2025.<\/li>\n\n\n\n<li>PINEAU, Gaston, <em><a href=\"C:\\Users\\Pierre\\Documents\\Lecteur USB\\source\\COLL\\Apprendre \u00e0 exister avec les rythmes de la vie\">Apprendre \u00e0 exister avec les rythmes de la vie<\/a><\/em>, L\u2019Harmattan, 2025.<\/li>\n\n\n\n<li>Do Ceu Alves, Maria, <em>L&rsquo;\u00e9criture comme processus de subjectivation \u00e0 l&rsquo;\u0153uvre : \u00e9tude des effets th\u00e9rapeutiques d&rsquo;un atelier d&rsquo;\u00e9criture en clinique psychiatrique<\/em>, Th\u00e8se de doctorat, Universit\u00e9 de Toulouse, 2024<\/li>\n\n\n\n<li>SCHURMANS, Daniel, <em><a href=\"https:\/\/www.editions-harmattan.fr\/catalogue\/livre\/escales-en-temps-et-en-lieux\/77413\">En temps et en lieux<\/a><\/em>, L&rsquo;Harmattan, 2024.<\/li>\n\n\n\n<li>SUMMA, Francine, <a href=\"https:\/\/www.editions-harmattan.fr\/catalogue\/livre\/les-debuts-du-mariage-furent-relativement-heureux\/75819?utm_campaign=2024\/10\/03%20NL%20Hebdo%20%5BBiblioth%C3%A8ques,%20Institutions,%20Ecoles%5D&amp;utm_content=Nos%20derni%C3%A8res%20parutions%20&amp;utm_medium=Emailing&amp;utm_source=Sendethic\"><em>Les d\u00e9buts du mariage furent relativement heureux. Le bon vieux temps du divorce<\/em><\/a>, L&rsquo;Harmattan, 2024.<\/li>\n\n\n\n<li>PINEAU, Gaston, <em><a href=\"https:\/\/www.editions-harmattan.fr\/catalogue\/livre\/apprendre-un-quotidien-d-8217-octogenaire\/76257\">APPRENDRE UN QUOTIDIEN D\u2019OCTOG\u00c9NAIRE. S\u2019auto-\u00e9coformer avec les gestes matinaux<\/a><\/em>, L&rsquo;Harmattan, 2024.<\/li>\n\n\n\n<li>Textes et contextes en France et au Qu\u00e9bec<\/li>\n\n\n\n<li>VIDRICAIRE Andr\u00e9,  MONEYRON Anne,  HEBER-SUFFRIN Claire, THOMAS Bernadette, <a href=\"https:\/\/www.editions-harmattan.fr\/catalogue\/livre\/correspondance-intergenerationnelle\/6218\">Correspondance interg\u00e9n\u00e9rationnelle. Textes et contextes en France et au Qu\u00e9bec<\/a>, L&rsquo;Harmattan, 2024<\/li>\n\n\n\n<li>PLOCIENIAK, Claude, <em><a href=\"https:\/\/www.fnac.com\/a19351334\/Claude-Plocieniak-Magnesium\">Magn\u00e9sium : Le mal-aim\u00e9 ? Et pourtant !<\/a><\/em>, Librinova, 2023<\/li>\n\n\n\n<li>AMOUREUX, Pierrot, <em><a href=\"https:\/\/www.chroniquesociale.com\/savoir-communiquer\/1229-inclusion-active-l-.html#:~:text=Comment%20interpr%C3%A9ter%20le%20terme%20d%E2%80%99inclusion%20active%20?%20%C3%80%20la%20fois\">L&rsquo;inclusion active. De l&rsquo;appartenance \u00e0 l&rsquo;\u00e9mancipation &#8211; Une pr\u00e9sence heureuse aux mondes<\/a><\/em>, Chronique Sociale, 2023<\/li>\n\n\n\n<li>PINEAU, Gaston, <em><a href=\"https:\/\/www.editions-harmattan.fr\/livre-genese_de_l_ecoformation_du_prefixe_eco_au_vert_paradigme_de_formation_avec_les_environnements_gaston_pineau-9782140327179-76056.html\">GEN\u00c8SE DE L&rsquo;\u00c9COFORMATION<\/a>. Du pr\u00e9fixe \u00e9co au vert paradigme de formation avec les environnements,<\/em> L&rsquo;Harmattan, 2023<\/li>\n\n\n\n<li>DUZERT, Michel, <em><a href=\"https:\/\/www.editions-harmattan.fr\/livre-9782140315213?utm_source=phplist&amp;utm_campaign=message_particuliers_harmattan__du_27_fevrier_au_4_mars_35600&amp;utm_medium=email&amp;utm_content=lienImage\">LE FOYER<\/a>, Le moment pr\u00e9sent comme foyer de sens<\/em>, L&rsquo;Harmattan, 2023<\/li>\n\n\n\n<li>FERRANDI, Raymonde, <em><a href=\"https:\/\/www.editions-complicites.fr\/pages-auteurs\/raymonde-ferrandi\/\">Paris au temps du corona<\/a><\/em>, Editions complicit\u00e9s, 2023<\/li>\n\n\n\n<li>KIALO, Paulin, <em><a href=\"https:\/\/www.editions-harmattan.fr\/livre-les_injures_de_la_foret_chez_les_pove_du_gabon_paulin_kialo-9782343236766-76205.html\">Les injures de la for\u00eat chez les Pov\u00e9 du Gabon<\/a><\/em>, L&rsquo;Harmattan, 2023<\/li>\n\n\n\n<li>LEMAIRE Michelle, <em><a href=\"https:\/\/www.amazon.fr\/Michelle-Lemaire\/e\/B004MZT3EI%3Fref=dbs_a_mng_rwt_scns_share\">Le f\u00e9minin consacr\u00e9. Lucie la dragonni\u00e8re<\/a><\/em>, Amazon, 2023<\/li>\n\n\n\n<li>NGOULOUBI, Malachie, Cyrille, Roson, <em><a href=\"https:\/\/www.editions-harmattan.fr\/livre-chants_solaires_pour_dire_denis_sassou_nguesso_poesie_version_couleur_malachie_cyrille_roson_ngouloubi-9782140305016-76665.html\">Chants solaires pour dire SASSOU-NGUESSO<\/a><\/em>, L&rsquo;Harmattan 2023<\/li>\n\n\n\n<li>Harakat Mohamed, <em><a href=\"https:\/\/www.editions-harmattan.fr\/livre-geopolitique_et_geoeconomie_marocaines_en_afrique_mohamed_harakat-9782343241210-72257.html\">G\u00e9opolitique et G\u00e9o\u00e9conomie marocaines en Afrique<\/a><\/em>, L&rsquo;Harmattan, 2022<\/li>\n<\/ul>\n\n\n\n<p><\/p>\n","protected":false},"excerpt":{"rendered":"","protected":false},"author":1,"featured_media":0,"parent":0,"menu_order":0,"comment_status":"closed","ping_status":"closed","template":"","meta":{"site-sidebar-layout":"default","site-content-layout":"","ast-site-content-layout":"default","site-content-style":"default","site-sidebar-style":"default","ast-global-header-display":"","ast-banner-title-visibility":"","ast-main-header-display":"","ast-hfb-above-header-display":"","ast-hfb-below-header-display":"","ast-hfb-mobile-header-display":"","site-post-title":"","ast-breadcrumbs-content":"","ast-featured-img":"","footer-sml-layout":"","ast-disable-related-posts":"","theme-transparent-header-meta":"","adv-header-id-meta":"","stick-header-meta":"","header-above-stick-meta":"","header-main-stick-meta":"","header-below-stick-meta":"","astra-migrate-meta-layouts":"default","ast-page-background-enabled":"default","ast-page-background-meta":{"desktop":{"background-color":"var(--ast-global-color-5)","background-image":"","background-repeat":"repeat","background-position":"center center","background-size":"auto","background-attachment":"scroll","background-type":"","background-media":"","overlay-type":"","overlay-color":"","overlay-opacity":"","overlay-gradient":""},"tablet":{"background-color":"","background-image":"","background-repeat":"repeat","background-position":"center center","background-size":"auto","background-attachment":"scroll","background-type":"","background-media":"","overlay-type":"","overlay-color":"","overlay-opacity":"","overlay-gradient":""},"mobile":{"background-color":"","background-image":"","background-repeat":"repeat","background-position":"center center","background-size":"auto","background-attachment":"scroll","background-type":"","background-media":"","overlay-type":"","overlay-color":"","overlay-opacity":"","overlay-gradient":""}},"ast-content-background-meta":{"desktop":{"background-color":"var(--ast-global-color-4)","background-image":"","background-repeat":"repeat","background-position":"center center","background-size":"auto","background-attachment":"scroll","background-type":"","background-media":"","overlay-type":"","overlay-color":"","overlay-opacity":"","overlay-gradient":""},"tablet":{"background-color":"var(--ast-global-color-4)","background-image":"","background-repeat":"repeat","background-position":"center center","background-size":"auto","background-attachment":"scroll","background-type":"","background-media":"","overlay-type":"","overlay-color":"","overlay-opacity":"","overlay-gradient":""},"mobile":{"background-color":"var(--ast-global-color-4)","background-image":"","background-repeat":"repeat","background-position":"center center","background-size":"auto","background-attachment":"scroll","background-type":"","background-media":"","overlay-type":"","overlay-color":"","overlay-opacity":"","overlay-gradient":""}},"h5ap_radio_sources":[],"footnotes":""},"class_list":["post-2936","page","type-page","status-publish","hentry"],"_links":{"self":[{"href":"http:\/\/colllearning.info\/CISHE\/wp-json\/wp\/v2\/pages\/2936","targetHints":{"allow":["GET"]}}],"collection":[{"href":"http:\/\/colllearning.info\/CISHE\/wp-json\/wp\/v2\/pages"}],"about":[{"href":"http:\/\/colllearning.info\/CISHE\/wp-json\/wp\/v2\/types\/page"}],"author":[{"embeddable":true,"href":"http:\/\/colllearning.info\/CISHE\/wp-json\/wp\/v2\/users\/1"}],"replies":[{"embeddable":true,"href":"http:\/\/colllearning.info\/CISHE\/wp-json\/wp\/v2\/comments?post=2936"}],"version-history":[{"count":14,"href":"http:\/\/colllearning.info\/CISHE\/wp-json\/wp\/v2\/pages\/2936\/revisions"}],"predecessor-version":[{"id":4021,"href":"http:\/\/colllearning.info\/CISHE\/wp-json\/wp\/v2\/pages\/2936\/revisions\/4021"}],"wp:attachment":[{"href":"http:\/\/colllearning.info\/CISHE\/wp-json\/wp\/v2\/media?parent=2936"}],"curies":[{"name":"wp","href":"https:\/\/api.w.org\/{rel}","templated":true}]}}