{"id":2514,"date":"2022-06-01T11:34:59","date_gmt":"2022-06-01T09:34:59","guid":{"rendered":"http:\/\/colllearning.info\/CISHE\/?page_id=2514"},"modified":"2022-12-20T16:56:45","modified_gmt":"2022-12-20T15:56:45","slug":"pole-idar","status":"publish","type":"page","link":"http:\/\/colllearning.info\/CISHE\/pole-idar\/","title":{"rendered":"P\u00f4le IDAR"},"content":{"rendered":"\n<h2 class=\"wp-block-heading\"><strong>L&rsquo;association Information D\u00e9fense Action Retraite (IDAR) s&rsquo;allie au Coll\u00e8ge international des seniors. Harmattan pour poursuivre ses actions.<\/strong><\/h2>\n\n\n\n<h2 class=\"wp-block-heading\"><a href=\"http:\/\/colllearning.info\/CISHE\/la-solidarite-des-generations-cest-la-vie\/\">La solidarit\u00e9 des g\u00e9n\u00e9rations, c\u2019est la vie<\/a><\/h2>\n\n\n\n<p>Partant du constat qu\u2019 \u00ab&nbsp;aux extr\u00e9mit\u00e9s de la cha\u00eene des g\u00e9n\u00e9rations les jeunes et les enfants font conna\u00eetre leurs aspirations. Ils sont le dernier et le premier maillon de la cha\u00eene, le principal objet de nos pr\u00e9occupations. Dans une position sym\u00e9trique, les anciens proposent de mobiliser leurs exp\u00e9riences et leurs ressources&nbsp;\u00bb, l\u2019association IDAR \u2013 information, \u2026<\/p>\n\n\n\n<p><a href=\"http:\/\/colllearning.info\/CISHE\/la-solidarite-des-generations-cest-la-vie\/\">Continuer la lecture<\/a><\/p>\n\n\n\n<p><\/p>\n","protected":false},"excerpt":{"rendered":"<p>L&rsquo;association Information D\u00e9fense Action Retraite (IDAR) s&rsquo;allie au Coll\u00e8ge international des seniors. Harmattan pour poursuivre ses actions. La solidarit\u00e9 des [&hellip;]<\/p>\n","protected":false},"author":1,"featured_media":0,"parent":0,"menu_order":0,"comment_status":"closed","ping_status":"closed","template":"","meta":{"site-sidebar-layout":"default","site-content-layout":"","ast-site-content-layout":"default","site-content-style":"default","site-sidebar-style":"default","ast-global-header-display":"","ast-banner-title-visibility":"","ast-main-header-display":"","ast-hfb-above-header-display":"","ast-hfb-below-header-display":"","ast-hfb-mobile-header-display":"","site-post-title":"","ast-breadcrumbs-content":"","ast-featured-img":"","footer-sml-layout":"","ast-disable-related-posts":"","theme-transparent-header-meta":"","adv-header-id-meta":"","stick-header-meta":"","header-above-stick-meta":"","header-main-stick-meta":"","header-below-stick-meta":"","astra-migrate-meta-layouts":"default","ast-page-background-enabled":"default","ast-page-background-meta":{"desktop":{"background-color":"var(--ast-global-color-5)","background-image":"","background-repeat":"repeat","background-position":"center center","background-size":"auto","background-attachment":"scroll","background-type":"","background-media":"","overlay-type":"","overlay-color":"","overlay-opacity":"","overlay-gradient":""},"tablet":{"background-color":"","background-image":"","background-repeat":"repeat","background-position":"center center","background-size":"auto","background-attachment":"scroll","background-type":"","background-media":"","overlay-type":"","overlay-color":"","overlay-opacity":"","overlay-gradient":""},"mobile":{"background-color":"","background-image":"","background-repeat":"repeat","background-position":"center center","background-size":"auto","background-attachment":"scroll","background-type":"","background-media":"","overlay-type":"","overlay-color":"","overlay-opacity":"","overlay-gradient":""}},"ast-content-background-meta":{"desktop":{"background-color":"var(--ast-global-color-4)","background-image":"","background-repeat":"repeat","background-position":"center center","background-size":"auto","background-attachment":"scroll","background-type":"","background-media":"","overlay-type":"","overlay-color":"","overlay-opacity":"","overlay-gradient":""},"tablet":{"background-color":"var(--ast-global-color-4)","background-image":"","background-repeat":"repeat","background-position":"center center","background-size":"auto","background-attachment":"scroll","background-type":"","background-media":"","overlay-type":"","overlay-color":"","overlay-opacity":"","overlay-gradient":""},"mobile":{"background-color":"var(--ast-global-color-4)","background-image":"","background-repeat":"repeat","background-position":"center center","background-size":"auto","background-attachment":"scroll","background-type":"","background-media":"","overlay-type":"","overlay-color":"","overlay-opacity":"","overlay-gradient":""}},"h5ap_radio_sources":[],"footnotes":""},"class_list":["post-2514","page","type-page","status-publish","hentry"],"_links":{"self":[{"href":"http:\/\/colllearning.info\/CISHE\/wp-json\/wp\/v2\/pages\/2514","targetHints":{"allow":["GET"]}}],"collection":[{"href":"http:\/\/colllearning.info\/CISHE\/wp-json\/wp\/v2\/pages"}],"about":[{"href":"http:\/\/colllearning.info\/CISHE\/wp-json\/wp\/v2\/types\/page"}],"author":[{"embeddable":true,"href":"http:\/\/colllearning.info\/CISHE\/wp-json\/wp\/v2\/users\/1"}],"replies":[{"embeddable":true,"href":"http:\/\/colllearning.info\/CISHE\/wp-json\/wp\/v2\/comments?post=2514"}],"version-history":[{"count":4,"href":"http:\/\/colllearning.info\/CISHE\/wp-json\/wp\/v2\/pages\/2514\/revisions"}],"predecessor-version":[{"id":2874,"href":"http:\/\/colllearning.info\/CISHE\/wp-json\/wp\/v2\/pages\/2514\/revisions\/2874"}],"wp:attachment":[{"href":"http:\/\/colllearning.info\/CISHE\/wp-json\/wp\/v2\/media?parent=2514"}],"curies":[{"name":"wp","href":"https:\/\/api.w.org\/{rel}","templated":true}]}}