{"id":1910,"date":"2020-06-14T10:31:54","date_gmt":"2020-06-14T08:31:54","guid":{"rendered":"http:\/\/colllearning.info\/CISHE\/?page_id=1910"},"modified":"2025-09-05T08:56:27","modified_gmt":"2025-09-05T06:56:27","slug":"collection-du-cis-h","status":"publish","type":"page","link":"http:\/\/colllearning.info\/CISHE\/production\/collection-du-cis-h\/","title":{"rendered":"Collection du CIS.H"},"content":{"rendered":"\n<p><strong>COLL\u00c8GE INTERNATIONAL DES SENIORS. HARMATTAN<\/strong><\/p>\n\n\n\n<p>La \u00ab\u00a0S\u00e9niorit\u00e9\u00a0\u00bb recouvre une proportion importante de la population mondiale, de nombreuses comp\u00e9tences, et regroupe des valeurs humanistes et ouvertes au carrefour des Cultures et des G\u00e9n\u00e9rations. Elle joue un r\u00f4le important, \u00e0 mettre en avant, dans la marche du monde.<\/p>\n\n\n\n<p>Cette collection r\u00e9unit des ouvrages d&rsquo;horizons vari\u00e9s et internationaux, d&rsquo;auteurs ayant pour point commun de se consid\u00e9rer dans la seconde partie de leur vie, autrement dit comme \u00ab\u00a0senior\u00a0\u00bb.<\/p>\n\n\n\n<p>Son projet est de susciter et de publier des travaux d&rsquo;\u00e9tudes et de recherches, des propositions artistiques et r\u00e9flexives, portant sur les grandes probl\u00e9matiques qui traversent le monde actuel. Le concept de \u00ab\u00a0s\u00e9niorit\u00e9\u00a0\u00bb est, notamment, mis en question : quel regard porte le XXIe si\u00e8cle sur la S\u00e9niorit\u00e9, et r\u00e9ciproquement, que peut proposer la S\u00e9niorit\u00e9 dans ce monde en solidarit\u00e9 avec toutes les g\u00e9n\u00e9rations ?<\/p>\n\n\n\n<p>Collection dirig\u00e9e par : Herv\u00e9 Cochet<\/p>\n\n\n\n<h2 class=\"wp-block-heading\"><strong>Ouvrages parus<\/strong><\/h2>\n\n\n\n<ul class=\"wp-block-list\">\n<li>HARDY Jo\u00ebl, <em><a href=\"https:\/\/www.editions-harmattan.fr\/catalogue\/collection\/college-international-des-seniors\/912\">Un h\u00e9ritage de Louis Braille. \u00c9loge de la lecture et de l\u2019\u00e9criture<\/a><\/em>, 2025.<\/li>\n\n\n\n<li>WAJS Catherine-Douce, <em><a href=\"https:\/\/www.editions-harmattan.fr\/catalogue\/livre\/l-338-uvre-au-blanc\/79002\">L&rsquo;OEUVRE EN BLANC<\/a><\/em>. Essai alchimique, 2025<\/li>\n\n\n\n<li>SCHURMANS Daniel, <em><a href=\"https:\/\/www.editions-harmattan.fr\/catalogue\/livre\/escales-en-temps-et-en-lieux\/77413\">ESCALES EN TEMPS ET EN LIEUX<\/a><\/em>, R\u00e9cit-fiction, 2024<\/li>\n\n\n\n<li>PINEAU Gaston,<em><a href=\"https:\/\/www.editions-harmattan.fr\/livre-apprendre_un_quotidien_d_octogenaire_s_auto_ecoformer_avec_les_gestes_matinaux_gaston_pineau_herve_cochet_patrick_paul_christian_heslan_christian_bellehumeur-9782336474779-80693.html\"> APPRENDRE UN QUOTIDIEN D\u2019OCTOG\u00c9NAIRE. S\u2019auto-\u00e9coformer avec les gestes matinaux<\/a><\/em>, Recherche, 2024.<\/li>\n\n\n\n<li>HEBER-SUFFRIN, Claire, THOMAS, Bernadette, VIDRICAIRE, Andr\u00e9, MONEYRON, Anne,  <em> <a href=\"https:\/\/www.editions-harmattan.fr\/livre-correspondance_intergenerationnelle_textes_et_contextes_en_france_et_au_quebec_herve_cochet_andre_vidricaire_anne_moneyron_claire_heber_suffrin_bernadette_thomas_martine_lani_bayle_gaston_pineau-9782336418889-78608.html\">CORRESPONDANCE INTERG\u00c9N\u00c9RATIONNELLE. Textes et contextes en France et au Qu\u00e9bec<\/a>,<\/em> Recherche, 2024,<\/li>\n\n\n\n<li>COCHET, Herv\u00e9, <em><a href=\"https:\/\/www.editions-harmattan.fr\/livre-quelques_soupirs_philosophiques_de_la_planete_essai_eco_logique_herve_cochet-9782140272158-73641.html\">QUELQUES SOUPIRS PHILOSOPHIQUES DE LA PLAN\u00c8TE<\/a><\/em>, Essai \u00e9co-logique,  2022.<\/li>\n\n\n\n<li>BACHTA, Abdelkader, <em><a href=\"https:\/\/www.editions-harmattan.fr\/livre-realisme_et_pensee_complexe_chez_morin_abdelkader_bachta-9782140327117-76047.html\">REALISME ET PENSEE COMPLEXE CHEZ MORIN<\/a>,<\/em> Essai, 2023.<\/li>\n\n\n\n<li>DESMAISON, Sylvain,<em> <a href=\"https:\/\/www.editions-harmattan.fr\/catalogue\/livre\/chimioterra\/7068\">CHIMIOTERRA. Pour un futur grandeur nature<\/a><\/em>, Manifeste politique, 2022.<\/li>\n\n\n\n<li>OLINGA, Joachim, <em><a href=\"https:\/\/www.editions-harmattan.fr\/livre-les_fantomes_d_okidi_joachim_olinga-9782343255507-72551.html\">LES FANTOMES D&rsquo;OKIDI<\/a><\/em>, R\u00e9cit, 2022.<\/li>\n<\/ul>\n\n\n\n<p><\/p>\n","protected":false},"excerpt":{"rendered":"<p>COLL\u00c8GE INTERNATIONAL DES SENIORS. HARMATTAN La \u00ab\u00a0S\u00e9niorit\u00e9\u00a0\u00bb recouvre une proportion importante de la population mondiale, de nombreuses comp\u00e9tences, et regroupe [&hellip;]<\/p>\n","protected":false},"author":1,"featured_media":0,"parent":10,"menu_order":0,"comment_status":"closed","ping_status":"closed","template":"","meta":{"site-sidebar-layout":"default","site-content-layout":"","ast-site-content-layout":"default","site-content-style":"default","site-sidebar-style":"default","ast-global-header-display":"","ast-banner-title-visibility":"","ast-main-header-display":"","ast-hfb-above-header-display":"","ast-hfb-below-header-display":"","ast-hfb-mobile-header-display":"","site-post-title":"","ast-breadcrumbs-content":"","ast-featured-img":"","footer-sml-layout":"","ast-disable-related-posts":"","theme-transparent-header-meta":"","adv-header-id-meta":"","stick-header-meta":"","header-above-stick-meta":"","header-main-stick-meta":"","header-below-stick-meta":"","astra-migrate-meta-layouts":"default","ast-page-background-enabled":"default","ast-page-background-meta":{"desktop":{"background-color":"var(--ast-global-color-5)","background-image":"","background-repeat":"repeat","background-position":"center center","background-size":"auto","background-attachment":"scroll","background-type":"","background-media":"","overlay-type":"","overlay-color":"","overlay-opacity":"","overlay-gradient":""},"tablet":{"background-color":"","background-image":"","background-repeat":"repeat","background-position":"center center","background-size":"auto","background-attachment":"scroll","background-type":"","background-media":"","overlay-type":"","overlay-color":"","overlay-opacity":"","overlay-gradient":""},"mobile":{"background-color":"","background-image":"","background-repeat":"repeat","background-position":"center center","background-size":"auto","background-attachment":"scroll","background-type":"","background-media":"","overlay-type":"","overlay-color":"","overlay-opacity":"","overlay-gradient":""}},"ast-content-background-meta":{"desktop":{"background-color":"var(--ast-global-color-4)","background-image":"","background-repeat":"repeat","background-position":"center center","background-size":"auto","background-attachment":"scroll","background-type":"","background-media":"","overlay-type":"","overlay-color":"","overlay-opacity":"","overlay-gradient":""},"tablet":{"background-color":"var(--ast-global-color-4)","background-image":"","background-repeat":"repeat","background-position":"center center","background-size":"auto","background-attachment":"scroll","background-type":"","background-media":"","overlay-type":"","overlay-color":"","overlay-opacity":"","overlay-gradient":""},"mobile":{"background-color":"var(--ast-global-color-4)","background-image":"","background-repeat":"repeat","background-position":"center center","background-size":"auto","background-attachment":"scroll","background-type":"","background-media":"","overlay-type":"","overlay-color":"","overlay-opacity":"","overlay-gradient":""}},"h5ap_radio_sources":[],"footnotes":""},"class_list":["post-1910","page","type-page","status-publish","hentry"],"_links":{"self":[{"href":"http:\/\/colllearning.info\/CISHE\/wp-json\/wp\/v2\/pages\/1910","targetHints":{"allow":["GET"]}}],"collection":[{"href":"http:\/\/colllearning.info\/CISHE\/wp-json\/wp\/v2\/pages"}],"about":[{"href":"http:\/\/colllearning.info\/CISHE\/wp-json\/wp\/v2\/types\/page"}],"author":[{"embeddable":true,"href":"http:\/\/colllearning.info\/CISHE\/wp-json\/wp\/v2\/users\/1"}],"replies":[{"embeddable":true,"href":"http:\/\/colllearning.info\/CISHE\/wp-json\/wp\/v2\/comments?post=1910"}],"version-history":[{"count":19,"href":"http:\/\/colllearning.info\/CISHE\/wp-json\/wp\/v2\/pages\/1910\/revisions"}],"predecessor-version":[{"id":4022,"href":"http:\/\/colllearning.info\/CISHE\/wp-json\/wp\/v2\/pages\/1910\/revisions\/4022"}],"up":[{"embeddable":true,"href":"http:\/\/colllearning.info\/CISHE\/wp-json\/wp\/v2\/pages\/10"}],"wp:attachment":[{"href":"http:\/\/colllearning.info\/CISHE\/wp-json\/wp\/v2\/media?parent=1910"}],"curies":[{"name":"wp","href":"https:\/\/api.w.org\/{rel}","templated":true}]}}